{"id":4725,"date":"2020-11-27T16:50:26","date_gmt":"2020-11-27T16:50:26","guid":{"rendered":"https:\/\/red.com.bo\/?page_id=4898"},"modified":"2022-04-04T04:08:10","modified_gmt":"2022-04-04T04:08:10","slug":"quieres-vender-tu-inmueble","status":"publish","type":"page","link":"https:\/\/red.com.bo\/?page_id=4725","title":{"rendered":"Quieres vender tu inmueble ?"},"content":{"rendered":"[vc_row full_width=\u00bbstretch_row_content_no_spaces\u00bb gap=\u00bb15&#8243;][vc_column width=\u00bb2\/3&#8243;][vc_single_image image=\u00bb4729&#8243; img_size=\u00bbfull\u00bb][\/vc_column][vc_column width=\u00bb1\/3&#8243;][vc_column_text css=\u00bb.vc_custom_1649045287496{margin-right: 20px !important;margin-left: 20px !important;}\u00bb]\n<h3>Perm\u00edtenos ayudarte a conseguir un comprador para tu inmueble, accediendo a nuestra base de clientes interesados. Gestionaremos con publicaciones, fotos, visitas de potenciales compradores y compartiremos tu propiedad con todo el mercado de Agentes gracias a nuestras alianzas con otras empresas de Bienes Ra\u00edces.<\/h3>\n[\/vc_column_text][\/vc_column][\/vc_row][vc_row][vc_column][g5plus_space desktop=\u00bb45&#8243; tablet=\u00bb70&#8243; tablet_portrait=\u00bb60&#8243; mobile_landscape=\u00bb50&#8243; mobile=\u00bb40&#8243;][g5plus_heading sub_title=\u00bbPARA LOGRAR LO ANTERIOR, CONTAMOS CON:\u00bb title=\u00bbESTRATEGIAS DE VENTA\u00bb css=\u00bb.vc_custom_1606496763430{margin-bottom: 12px !important;}\u00bb][vc_column_text]Vender propiedades en el mercado competitivo de hoy en d\u00eda requiere estrategias de mercadeo efectivas y los recursos para poder implementarlas:<\/p>\n<ul>\n<li>Preparar su propiedad para la venta<\/li>\n<li>Fotos de alta calidad de la propiedad<\/li>\n<li>Publicidad masiva y Tecnol\u00f3gica<\/li>\n<li>Demostraciones o Show houses<\/li>\n<li>Colocar su propiedad en el Internet y Redes Sociales<\/li>\n<li>Programar y atender citas para posibles cliente<\/li>\n<li>Asesor\u00eda especializada para ayudarle a establecer el precio de su propiedad<\/li>\n<li>Colocamos los avisos en su inmueble para que la venta sea r\u00e1pida<\/li>\n<li>Permanencia en horas y d\u00edas estrat\u00e9gicos en su inmueble<\/li>\n<li>Agentes de Bienes Ra\u00edces altamente calificados y con experiencia<\/li>\n<li>Asesor\u00eda Legal en la elaboraci\u00f3n de la escritura y promesa de compra-venta<\/li>\n<li>Gesti\u00f3n y asesor\u00eda en tr\u00e1mites ante notarias y oficinas de registros<\/li>\n<\/ul>\n[\/vc_column_text][\/vc_column][\/vc_row][vc_row][vc_column][\/vc_column][\/vc_row][vc_row][vc_column][g5plus_space desktop=\u00bb90&#8243; tablet=\u00bb70&#8243; tablet_portrait=\u00bb60&#8243; mobile_landscape=\u00bb50&#8243; mobile=\u00bb40&#8243;][\/vc_column][\/vc_row][vc_row full_width=\u00bbstretch_row\u00bb css=\u00bb.vc_custom_1606511826758{background-image: url(https:\/\/red.com.bo\/wp-content\/uploads\/2020\/11\/bg-contact-form3.jpg?id=4940) !important;background-position: center !important;background-repeat: no-repeat !important;background-size: cover !important;}\u00bb][vc_column width=\u00bb1\/2&#8243; el_class=\u00bbcol-mb-12 col-mb-offset-0&#8243;][g5plus_space desktop=\u00bb20&#8243; tablet=\u00bb70&#8243; tablet_portrait=\u00bb60&#8243; mobile_landscape=\u00bb50&#8243; mobile=\u00bb40&#8243;][g5plus_heading sub_title=\u00bbQUIERES VENDER TU INMUEBLE?\u00bb title=\u00bbCONT\u00c1CTANOS!\u00bb el_class=\u00bbmg-bottom-55&#8243;][vc_column_text css=\u00bb.vc_custom_1647959722932{margin-bottom: 12px !important;}\u00bb]Deja tus datos AQU\u00cd y nos pondremos en contacto contigo cuanto antes.. O ll\u00e1manos al 773-33354[\/vc_column_text]<div role=\"form\" class=\"wpcf7\" id=\"wpcf7-f31-o1\" lang=\"en-US\" dir=\"ltr\">\n<div class=\"screen-reader-response\"><p role=\"status\" aria-live=\"polite\" aria-atomic=\"true\"><\/p> <ul><\/ul><\/div>\n<form action=\"\/index.php?rest_route=%2Fwp%2Fv2%2Fpages%2F4725#wpcf7-f31-o1\" method=\"post\" class=\"wpcf7-form init\" novalidate=\"novalidate\" data-status=\"init\">\n<div style=\"display: none;\">\n<input type=\"hidden\" name=\"_wpcf7\" value=\"31\" \/>\n<input type=\"hidden\" name=\"_wpcf7_version\" value=\"5.6.1\" \/>\n<input type=\"hidden\" name=\"_wpcf7_locale\" value=\"en_US\" \/>\n<input type=\"hidden\" name=\"_wpcf7_unit_tag\" value=\"wpcf7-f31-o1\" \/>\n<input type=\"hidden\" name=\"_wpcf7_container_post\" value=\"0\" \/>\n<input type=\"hidden\" name=\"_wpcf7_posted_data_hash\" value=\"\" \/>\n<\/div>\n<div class=\"g5plus-contact-form column-2 row\">\n<div class=\"col-md-6 col-sm-12 col-xs-12\">\n<span class=\"wpcf7-form-control-wrap\" data-name=\"your-name\"><input type=\"text\" name=\"your-name\" value=\"\" size=\"40\" class=\"wpcf7-form-control wpcf7-text\" aria-invalid=\"false\" placeholder=\"Nombre Completo\" \/><\/span>\n<\/div>\n<div class=\"col-md-6 col-sm-12 col-xs-12\">\n<span class=\"wpcf7-form-control-wrap\" data-name=\"your-email\"><input type=\"email\" name=\"your-email\" value=\"\" size=\"40\" class=\"wpcf7-form-control wpcf7-text wpcf7-email wpcf7-validates-as-required wpcf7-validates-as-email\" aria-required=\"true\" aria-invalid=\"false\" placeholder=\"Tu Email\" \/><\/span>\n<\/div>\n<div class=\"col-xs-12\">\n<span class=\"wpcf7-form-control-wrap\" data-name=\"your-message\"><textarea name=\"your-message\" cols=\"40\" rows=\"10\" class=\"wpcf7-form-control wpcf7-textarea\" aria-invalid=\"false\" placeholder=\"Mensaje\"><\/textarea><\/span>\n<\/div>\n<div class=\"col-xs-12\">\n<button type=\"submit\" class=\"btn btn-lg btn-dark btn-classic btn-icon\" ><i class=\"fa fa-paper-plane\"><\/i><span>Enviar<\/span><\/button>\n<\/div>\n<\/div>\n<p style=\"display: none !important;\"><label>&#916;<textarea name=\"_wpcf7_ak_hp_textarea\" cols=\"45\" rows=\"8\" maxlength=\"100\"><\/textarea><\/label><input type=\"hidden\" id=\"ak_js_1\" name=\"_wpcf7_ak_js\" value=\"196\"\/><script>document.getElementById( \"ak_js_1\" ).setAttribute( \"value\", ( new Date() ).getTime() );<\/script><\/p><div class=\"wpcf7-response-output\" aria-hidden=\"true\"><\/div><\/form><\/div>[g5plus_space desktop=\u00bb20&#8243; tablet=\u00bb70&#8243; tablet_portrait=\u00bb60&#8243; mobile_landscape=\u00bb50&#8243; mobile=\u00bb40&#8243;][\/vc_column][\/vc_row]\n","protected":false},"excerpt":{"rendered":"<p>[vc_row full_width=\u00bbstretch_row_content_no_spaces\u00bb gap=\u00bb15&#8243;][vc_column width=\u00bb2\/3&#8243;][vc_single_image image=\u00bb4729&#8243; img_size=\u00bbfull\u00bb][\/vc_column][vc_column width=\u00bb1\/3&#8243;][vc_column_text css=\u00bb.vc_custom_1649045287496{margin-right: 20px !important;margin-left: 20px !important;}\u00bb] Perm\u00edtenos ayudarte a conseguir un comprador para tu inmueble, accediendo a nuestra base de clientes interesados. Gestionaremos con publicaciones, fotos, visitas de potenciales compradores y compartiremos tu propiedad con todo el mercado de Agentes gracias a nuestras alianzas con otras empresas de Bienes [&hellip;]<\/p>\n","protected":false},"author":1,"featured_media":0,"parent":0,"menu_order":0,"comment_status":"closed","ping_status":"closed","template":"","meta":{"footnotes":""},"class_list":["post-4725","page","type-page","status-publish","hentry"],"yoast_head":"<!-- This site is optimized with the Yoast SEO plugin v19.3 - https:\/\/yoast.com\/wordpress\/plugins\/seo\/ -->\n<title>Quieres vender tu inmueble ? - Red Inmobiliaria<\/title>\n<meta name=\"robots\" content=\"index, follow, max-snippet:-1, max-image-preview:large, max-video-preview:-1\" \/>\n<link rel=\"canonical\" href=\"https:\/\/red.com.bo\/?page_id=4725\" \/>\n<meta property=\"og:locale\" content=\"es_ES\" \/>\n<meta property=\"og:type\" content=\"article\" \/>\n<meta property=\"og:title\" content=\"Quieres vender tu inmueble ? - Red Inmobiliaria\" \/>\n<meta property=\"og:description\" content=\"[vc_row full_width=\u00bbstretch_row_content_no_spaces\u00bb gap=\u00bb15&#8243;][vc_column width=\u00bb2\/3&#8243;][vc_single_image image=\u00bb4729&#8243; img_size=\u00bbfull\u00bb][\/vc_column][vc_column width=\u00bb1\/3&#8243;][vc_column_text css=\u00bb.vc_custom_1649045287496{margin-right: 20px !important;margin-left: 20px !important;}\u00bb] Perm\u00edtenos ayudarte a conseguir un comprador para tu inmueble, accediendo a nuestra base de clientes interesados. Gestionaremos con publicaciones, fotos, visitas de potenciales compradores y compartiremos tu propiedad con todo el mercado de Agentes gracias a nuestras alianzas con otras empresas de Bienes [&hellip;]\" \/>\n<meta property=\"og:url\" content=\"https:\/\/red.com.bo\/?page_id=4725\" \/>\n<meta property=\"og:site_name\" content=\"Red Inmobiliaria\" \/>\n<meta property=\"article:publisher\" content=\"https:\/\/www.facebook.com\/red.bolivia\" \/>\n<meta property=\"article:modified_time\" content=\"2022-04-04T04:08:10+00:00\" \/>\n<meta name=\"twitter:card\" content=\"summary_large_image\" \/>\n<meta name=\"twitter:label1\" content=\"Tiempo de lectura\" \/>\n\t<meta name=\"twitter:data1\" content=\"2 minutos\" \/>\n<script type=\"application\/ld+json\" class=\"yoast-schema-graph\">{\"@context\":\"https:\/\/schema.org\",\"@graph\":[{\"@type\":\"Organization\",\"@id\":\"https:\/\/red.com.bo\/#organization\",\"name\":\"RED INMOBILIARIA\",\"url\":\"https:\/\/red.com.bo\/\",\"sameAs\":[\"https:\/\/www.facebook.com\/red.bolivia\"],\"logo\":{\"@type\":\"ImageObject\",\"inLanguage\":\"es\",\"@id\":\"https:\/\/red.com.bo\/#\/schema\/logo\/image\/\",\"url\":\"https:\/\/red.com.bo\/wp-content\/uploads\/2022\/03\/logored.png\",\"contentUrl\":\"https:\/\/red.com.bo\/wp-content\/uploads\/2022\/03\/logored.png\",\"width\":300,\"height\":114,\"caption\":\"RED INMOBILIARIA\"},\"image\":{\"@id\":\"https:\/\/red.com.bo\/#\/schema\/logo\/image\/\"}},{\"@type\":\"WebSite\",\"@id\":\"https:\/\/red.com.bo\/#website\",\"url\":\"https:\/\/red.com.bo\/\",\"name\":\"Red Inmobiliaria\",\"description\":\"Compra, venta y alquiler de inmuebles en Santa Cruz\",\"publisher\":{\"@id\":\"https:\/\/red.com.bo\/#organization\"},\"potentialAction\":[{\"@type\":\"SearchAction\",\"target\":{\"@type\":\"EntryPoint\",\"urlTemplate\":\"https:\/\/red.com.bo\/?s={search_term_string}\"},\"query-input\":\"required name=search_term_string\"}],\"inLanguage\":\"es\"},{\"@type\":\"WebPage\",\"@id\":\"https:\/\/red.com.bo\/?page_id=4725\",\"url\":\"https:\/\/red.com.bo\/?page_id=4725\",\"name\":\"Quieres vender tu inmueble ? - Red Inmobiliaria\",\"isPartOf\":{\"@id\":\"https:\/\/red.com.bo\/#website\"},\"datePublished\":\"2020-11-27T16:50:26+00:00\",\"dateModified\":\"2022-04-04T04:08:10+00:00\",\"breadcrumb\":{\"@id\":\"https:\/\/red.com.bo\/?page_id=4725#breadcrumb\"},\"inLanguage\":\"es\",\"potentialAction\":[{\"@type\":\"ReadAction\",\"target\":[\"https:\/\/red.com.bo\/?page_id=4725\"]}]},{\"@type\":\"BreadcrumbList\",\"@id\":\"https:\/\/red.com.bo\/?page_id=4725#breadcrumb\",\"itemListElement\":[{\"@type\":\"ListItem\",\"position\":1,\"name\":\"Portada\",\"item\":\"https:\/\/red.com.bo\/\"},{\"@type\":\"ListItem\",\"position\":2,\"name\":\"Quieres vender tu inmueble ?\"}]}]}<\/script>\n<!-- \/ Yoast SEO plugin. -->","yoast_head_json":{"title":"Quieres vender tu inmueble ? - Red Inmobiliaria","robots":{"index":"index","follow":"follow","max-snippet":"max-snippet:-1","max-image-preview":"max-image-preview:large","max-video-preview":"max-video-preview:-1"},"canonical":"https:\/\/red.com.bo\/?page_id=4725","og_locale":"es_ES","og_type":"article","og_title":"Quieres vender tu inmueble ? - Red Inmobiliaria","og_description":"[vc_row full_width=\u00bbstretch_row_content_no_spaces\u00bb gap=\u00bb15&#8243;][vc_column width=\u00bb2\/3&#8243;][vc_single_image image=\u00bb4729&#8243; img_size=\u00bbfull\u00bb][\/vc_column][vc_column width=\u00bb1\/3&#8243;][vc_column_text css=\u00bb.vc_custom_1649045287496{margin-right: 20px !important;margin-left: 20px !important;}\u00bb] Perm\u00edtenos ayudarte a conseguir un comprador para tu inmueble, accediendo a nuestra base de clientes interesados. Gestionaremos con publicaciones, fotos, visitas de potenciales compradores y compartiremos tu propiedad con todo el mercado de Agentes gracias a nuestras alianzas con otras empresas de Bienes [&hellip;]","og_url":"https:\/\/red.com.bo\/?page_id=4725","og_site_name":"Red Inmobiliaria","article_publisher":"https:\/\/www.facebook.com\/red.bolivia","article_modified_time":"2022-04-04T04:08:10+00:00","twitter_card":"summary_large_image","twitter_misc":{"Tiempo de lectura":"2 minutos"},"schema":{"@context":"https:\/\/schema.org","@graph":[{"@type":"Organization","@id":"https:\/\/red.com.bo\/#organization","name":"RED INMOBILIARIA","url":"https:\/\/red.com.bo\/","sameAs":["https:\/\/www.facebook.com\/red.bolivia"],"logo":{"@type":"ImageObject","inLanguage":"es","@id":"https:\/\/red.com.bo\/#\/schema\/logo\/image\/","url":"https:\/\/red.com.bo\/wp-content\/uploads\/2022\/03\/logored.png","contentUrl":"https:\/\/red.com.bo\/wp-content\/uploads\/2022\/03\/logored.png","width":300,"height":114,"caption":"RED INMOBILIARIA"},"image":{"@id":"https:\/\/red.com.bo\/#\/schema\/logo\/image\/"}},{"@type":"WebSite","@id":"https:\/\/red.com.bo\/#website","url":"https:\/\/red.com.bo\/","name":"Red Inmobiliaria","description":"Compra, venta y alquiler de inmuebles en Santa Cruz","publisher":{"@id":"https:\/\/red.com.bo\/#organization"},"potentialAction":[{"@type":"SearchAction","target":{"@type":"EntryPoint","urlTemplate":"https:\/\/red.com.bo\/?s={search_term_string}"},"query-input":"required name=search_term_string"}],"inLanguage":"es"},{"@type":"WebPage","@id":"https:\/\/red.com.bo\/?page_id=4725","url":"https:\/\/red.com.bo\/?page_id=4725","name":"Quieres vender tu inmueble ? - Red Inmobiliaria","isPartOf":{"@id":"https:\/\/red.com.bo\/#website"},"datePublished":"2020-11-27T16:50:26+00:00","dateModified":"2022-04-04T04:08:10+00:00","breadcrumb":{"@id":"https:\/\/red.com.bo\/?page_id=4725#breadcrumb"},"inLanguage":"es","potentialAction":[{"@type":"ReadAction","target":["https:\/\/red.com.bo\/?page_id=4725"]}]},{"@type":"BreadcrumbList","@id":"https:\/\/red.com.bo\/?page_id=4725#breadcrumb","itemListElement":[{"@type":"ListItem","position":1,"name":"Portada","item":"https:\/\/red.com.bo\/"},{"@type":"ListItem","position":2,"name":"Quieres vender tu inmueble ?"}]}]}},"_links":{"self":[{"href":"https:\/\/red.com.bo\/index.php?rest_route=\/wp\/v2\/pages\/4725","targetHints":{"allow":["GET"]}}],"collection":[{"href":"https:\/\/red.com.bo\/index.php?rest_route=\/wp\/v2\/pages"}],"about":[{"href":"https:\/\/red.com.bo\/index.php?rest_route=\/wp\/v2\/types\/page"}],"author":[{"embeddable":true,"href":"https:\/\/red.com.bo\/index.php?rest_route=\/wp\/v2\/users\/1"}],"replies":[{"embeddable":true,"href":"https:\/\/red.com.bo\/index.php?rest_route=%2Fwp%2Fv2%2Fcomments&post=4725"}],"version-history":[{"count":7,"href":"https:\/\/red.com.bo\/index.php?rest_route=\/wp\/v2\/pages\/4725\/revisions"}],"predecessor-version":[{"id":4945,"href":"https:\/\/red.com.bo\/index.php?rest_route=\/wp\/v2\/pages\/4725\/revisions\/4945"}],"wp:attachment":[{"href":"https:\/\/red.com.bo\/index.php?rest_route=%2Fwp%2Fv2%2Fmedia&parent=4725"}],"curies":[{"name":"wp","href":"https:\/\/api.w.org\/{rel}","templated":true}]}}